{"id":28,"date":"2023-06-03T14:40:15","date_gmt":"2023-06-03T12:40:15","guid":{"rendered":"https:\/\/philolaos.org\/?page_id=28"},"modified":"2023-10-14T00:42:53","modified_gmt":"2023-10-13T22:42:53","slug":"notre-organisation","status":"publish","type":"page","link":"https:\/\/philolaos.org\/?page_id=28","title":{"rendered":"Notre organisation"},"content":{"rendered":"\n<p><strong>Pr\u00e9ambule<\/strong><\/p>\n\n\n\n<p>On appelle commun\u00e9ment la \u00ab th\u00e9orie du Tout \u00bb une th\u00e9orie qui permettrait l\u2019unification du \u00abmod\u00e8le standard de la physique moderne\u00bb. Le mod\u00e8le standard est la combinaison de deux mod\u00e8les totalement distincts : la Relativit\u00e9 G\u00e9n\u00e9rale\u00ad-RG<strong> <\/strong>d\u2019une part, qui d\u00e9crit les interactions \u00e0 grandes distances entre les mati\u00e8res composant l\u2019univers et qui induit les forces gravitationnelles ; et la Physique Quantique-PQ d\u2019autre part, qui d\u00e9crit les trois autres interactions (forte, faible et \u00e9lectromagn\u00e9tique) que l\u2019on retrouve \u00e0 des distances extr\u00eamement petites. Le fait d\u2019avoir recours \u00e0 deux mod\u00e8les diff\u00e9rents et disjoints, pour expliquer le fonctionnement de notre univers, traduit un manque de coh\u00e9rence \u00e9vident de la physique moderne. L\u2019unification de ce mod\u00e8le standard est, d\u00e8s lors, une qu\u00eate de nombreux physiciens et math\u00e9maticiens, le tout premier d\u2019entre eux \u00e9tant vraisemblablement l&rsquo;initiateur du changement de paradigme pr\u00e9c\u00e9dent, Albert Einstein, qui y d\u00e9dia la fin de sa vie.<\/p>\n\n\n\n<p>Ainsi, bien que certains ph\u00e9nom\u00e8nes tr\u00e8s \u00e9tonnants soient tr\u00e8s bien quantifi\u00e9s par le mod\u00e8le standard, on peut dire que les principales forces attractives et r\u00e9pulsives de l\u2019univers sont \u00adincomprises sur le plan qualitatif. Le mod\u00e8le est devenu trop empirique d\u00e8s lors que l\u2019on a d\u00fb, au gr\u00e9 des observations, sacrifier des principes fondateurs et introduire des param\u00e8tres purement math\u00e9matiques pour rendre compte de 95% de la densit\u00e9 d\u2019\u00e9nergie de l\u2019univers&#8230; Nous sommes litt\u00e9ralement entr\u00e9s depuis quelques ann\u00e9es dans la 4<sup>e<\/sup> crise de la connaissance scientifique et la n\u00e9cessit\u00e9 d\u2019\u00e9tablir un 5<sup>e<\/sup> paradigme est d\u00e9sormais criante.<\/p>\n\n\n\n<p><strong>Objectif du collectif<\/strong><\/p>\n\n\n\n<p>Les fondateurs du collectif Philolaos ont aujourd\u2019hui compris, comme d&rsquo;autres, que l\u2019univers ne peut s\u2019expliquer par la seule utilisation des sciences physiques et des math\u00e9matiques. Leur objectif est d\u2019\u00e9laborer une nouvelle m\u00e9thodologie pour mettre tout le monde d\u2019accord. Il s&rsquo;agit par-dessus tout de comprendre et d\u2019organiser les concepts et les connaissances de l\u2019Humanit\u00e9 depuis ses premi\u00e8res observations jusqu&rsquo;aux plus r\u00e9centes. De la m\u00e9thodologie se d\u00e9duit un nouveau paradigme qui unifie par nature les lois de l\u2019infiniment petit et de l\u2019infiniment grand, partant de l&rsquo;id\u00e9e la plus simple pour arriver aux plus complexes.  Telle est la qu\u00eate de notre collectif. Pour l&rsquo;atteindre, il se dote d&rsquo;une capacit\u00e9 \u00e0 grandir, s&rsquo;am\u00e9liorer et se diversifier, en particulier au fil de ses nouvelles adh\u00e9sions. <\/p>\n\n\n\n<p><strong>Charte d&rsquo;adh\u00e9sion<\/strong><\/p>\n\n\n\n<p>La charte d&rsquo;adh\u00e9sion au collectif sera mise en ligne courant 2025. Entretemps, chaque lecteur peut participer au projet en ajoutant des commentaires.<\/p>\n\n\n\n<figure class=\"wp-block-image size-full is-resized\"><img loading=\"lazy\" decoding=\"async\" width=\"314\" height=\"279\" src=\"https:\/\/philolaos.org\/wp-content\/uploads\/2023\/06\/cropped-Diapositive1-1.jpeg\" alt=\"\" class=\"wp-image-106\" style=\"width:204px;height:181px\" srcset=\"https:\/\/philolaos.org\/wp-content\/uploads\/2023\/06\/cropped-Diapositive1-1.jpeg 314w, https:\/\/philolaos.org\/wp-content\/uploads\/2023\/06\/cropped-Diapositive1-1-300x267.jpeg 300w, https:\/\/philolaos.org\/wp-content\/uploads\/2023\/06\/cropped-Diapositive1-1-287x255.jpeg 287w\" sizes=\"auto, (max-width: 314px) 100vw, 314px\" \/><\/figure>\n","protected":false},"excerpt":{"rendered":"<p>Pr\u00e9ambule On appelle commun\u00e9ment la \u00ab th\u00e9orie du Tout \u00bb une th\u00e9orie qui permettrait l\u2019unification du \u00abmod\u00e8le standard de la physique moderne\u00bb. Le mod\u00e8le standard est la combinaison de deux mod\u00e8les totalement distincts : la Relativit\u00e9 G\u00e9n\u00e9rale\u00ad-RG d\u2019une part, qui d\u00e9crit les interactions \u00e0 grandes distances entre les mati\u00e8res composant l\u2019univers et qui induit les &hellip; <a href=\"https:\/\/philolaos.org\/?page_id=28\" class=\"more-link\">Continuer la lecture de <span class=\"screen-reader-text\">Notre organisation<\/span> <span class=\"meta-nav\">&rarr;<\/span><\/a><\/p>\n","protected":false},"author":1,"featured_media":0,"parent":0,"menu_order":0,"comment_status":"closed","ping_status":"closed","template":"","meta":{"footnotes":""},"class_list":["post-28","page","type-page","status-publish","hentry"],"_links":{"self":[{"href":"https:\/\/philolaos.org\/index.php?rest_route=\/wp\/v2\/pages\/28","targetHints":{"allow":["GET"]}}],"collection":[{"href":"https:\/\/philolaos.org\/index.php?rest_route=\/wp\/v2\/pages"}],"about":[{"href":"https:\/\/philolaos.org\/index.php?rest_route=\/wp\/v2\/types\/page"}],"author":[{"embeddable":true,"href":"https:\/\/philolaos.org\/index.php?rest_route=\/wp\/v2\/users\/1"}],"replies":[{"embeddable":true,"href":"https:\/\/philolaos.org\/index.php?rest_route=%2Fwp%2Fv2%2Fcomments&post=28"}],"version-history":[{"count":4,"href":"https:\/\/philolaos.org\/index.php?rest_route=\/wp\/v2\/pages\/28\/revisions"}],"predecessor-version":[{"id":211,"href":"https:\/\/philolaos.org\/index.php?rest_route=\/wp\/v2\/pages\/28\/revisions\/211"}],"wp:attachment":[{"href":"https:\/\/philolaos.org\/index.php?rest_route=%2Fwp%2Fv2%2Fmedia&parent=28"}],"curies":[{"name":"wp","href":"https:\/\/api.w.org\/{rel}","templated":true}]}}

<p><strong>Préambule</strong></p>



<p>On appelle communément la « théorie du Tout » une théorie qui permettrait l’unification du «modèle standard de la physique moderne». Le modèle standard est la combinaison de deux modèles totalement distincts : la Relativité Générale­-RG<strong> </strong>d’une part, qui décrit les interactions à grandes distances entre les matières composant l’univers et qui induit les forces gravitationnelles ; et la Physique Quantique-PQ d’autre part, qui décrit les trois autres interactions (forte, faible et électromagnétique) que l’on retrouve à des distances extrêmement petites. Le fait d’avoir recours à deux modèles différents et disjoints, pour expliquer le fonctionnement de notre univers, traduit un manque de cohérence évident de la physique moderne. L’unification de ce modèle standard est, dès lors, une quête de nombreux physiciens et mathématiciens, le tout premier d’entre eux étant vraisemblablement l&rsquo;initiateur du changement de paradigme précédent, Albert Einstein, qui y dédia la fin de sa vie.</p>



<p>Ainsi, bien que certains phénomènes très étonnants soient très bien quantifiés par le modèle standard, on peut dire que les principales forces attractives et répulsives de l’univers sont ­incomprises sur le plan qualitatif. Le modèle est devenu trop empirique dès lors que l’on a dû, au gré des observations, sacrifier des principes fondateurs et introduire des paramètres purement mathématiques pour rendre compte de 95% de la densité d’énergie de l’univers&#8230; Nous sommes littéralement entrés depuis quelques années dans la 4<sup>e</sup> crise de la connaissance scientifique et la nécessité d’établir un 5<sup>e</sup> paradigme est désormais criante.</p>



<p><strong>Objectif du collectif</strong></p>



<p>Les fondateurs du collectif Philolaos ont aujourd’hui compris, comme d&rsquo;autres, que l’univers ne peut s’expliquer par la seule utilisation des sciences physiques et des mathématiques. Leur objectif est d’élaborer une nouvelle méthodologie pour mettre tout le monde d’accord. Il s&rsquo;agit par-dessus tout de comprendre et d’organiser les concepts et les connaissances de l’Humanité depuis ses premières observations jusqu&rsquo;aux plus récentes. De la méthodologie se déduit un nouveau paradigme qui unifie par nature les lois de l’infiniment petit et de l’infiniment grand, partant de l&rsquo;idée la plus simple pour arriver aux plus complexes.  Telle est la quête de notre collectif. Pour l&rsquo;atteindre, il se dote d&rsquo;une capacité à grandir, s&rsquo;améliorer et se diversifier, en particulier au fil de ses nouvelles adhésions. </p>



<p><strong>Charte d&rsquo;adhésion</strong></p>



<p>La charte d&rsquo;adhésion au collectif sera mise en ligne courant 2025. Entretemps, chaque lecteur peut participer au projet en ajoutant des commentaires.</p>



<figure class="wp-block-image size-full is-resized"><img loading="lazy" decoding="async" width="314" height="279" src="https://philolaos.org/wp-content/uploads/2023/06/cropped-Diapositive1-1.jpeg" alt="" class="wp-image-106" style="width:204px;height:181px" srcset="https://philolaos.org/wp-content/uploads/2023/06/cropped-Diapositive1-1.jpeg 314w, https://philolaos.org/wp-content/uploads/2023/06/cropped-Diapositive1-1-300x267.jpeg 300w, https://philolaos.org/wp-content/uploads/2023/06/cropped-Diapositive1-1-287x255.jpeg 287w" sizes="auto, (max-width: 314px) 100vw, 314px" /></figure>

<p>Préambule On appelle communément la « théorie du Tout » une théorie qui permettrait l’unification du «modèle standard de la physique moderne». Le modèle standard est la combinaison de deux modèles totalement distincts : la Relativité Générale­-RG d’une part, qui décrit les interactions à grandes distances entre les matières composant l’univers et qui induit les &hellip; <a href="https://philolaos.org/?page_id=28" class="more-link">Continuer la lecture de <span class="screen-reader-text">Notre organisation</span> <span class="meta-nav">&rarr;</span></a></p>
